g + 9. Determine w(6).
27
Let j(b) = b**2 + 13*b - 7. Calculate j(-12).
-19
Let s(z) = z**3 + 16*z**2 + 65*z - 17. Determine s(-8).
-25
Let k(f) = -f - 15. Determine k(-7).
-8
Let k(g) = -g**3 + 5*g**2 + 9*g - 4. Determine k(6).
14
Let k(v) = v**3 - 4*v**2 - 2*v - 2. Determine k(4).
-10
Let v(o) = 16*o - 3. Determine v(-4).
-67
Let f(t) = -25*t - 658. What is f(-26)?
-8
Let u(z) = -z**3 - 9*z**2 + 7*z + 70. Give u(-9).
7
Let f(l) = l**2 + 3. What is f(0)?
3
Let o(m) = -5*m + 6. Calculate o(2).
-4
Let r(w) = w + 3. Calculate r(1).
4
Let p(u) = -281*u + 1679. Calculate p(6).
-7
Let z(j) = 3*j**2 - 7*j - 8. Give z(5).
32
Let q(p) = -p**2 + 16*p + 29. Determine q(19).
-28
Let j(c) = 9*c**3 + c - 1. Determine j(1).
9
Let y(q) = q**2 - q - 32. Give y(0).
-32
Let s(f) = 3*f**3 - 4*f**2 + f + 1. What is s(2)?
11
Let f(d) = 7*d + 7. Give f(0).
7
Let i(h) = 2*h**2 + 41*h - 21. Calculate i(-21).
0
Let u(x) = -6*x**2 + 13*x - 51. Determine u(5).
-136
Let m(o) = -35*o + 146. Give m(4).
6
Let m(l) = 5*l + 223. What is m(-44)?
3
Let q(y) = 7*y + 2. Calculate q(-3).
-19
Let l(t) = 2*t + 1. Determine l(-8).
-15
Let p(y) = 19*y**3 - 3*y**2 - 4*y - 2. What is p(-1)?
-20
Let q(o) = -o**2 - 5*o - 7. Determine q(-7).
-21
Let l(p) = -14*p + 50. Give l(3).
8
Let c(k) = 17*k + 20. Give c(-2).
-14
Let q(k) = -k**3 - 9*k**2 + 3*k + 20. Determine q(-9).
-7
Let d(b) = -b**3 - 6*b**2 - 9*b - 68. Give d(-7).
44
Let u(w) = 2*w**2 - 4*w + 8. Give u(5).
38
Let n(x) = 2*x**2 + 11*x + 12. Calculate n(-1).
3
Let h(w) = -10*w + 10. Calculate h(-3).
40
Let u(c) = 4*c - 2. Calculate u(-2).
-10
Let f(s) = 17*s**2 + 1. Calculate f(2).
69
Let q(z) = -3*z**2 + 20*z + 7. Determine q(3).
40
Let a(t) = -t**2 - 3*t + 3. What is a(-4)?
-1
Let f(d) = 59*d + 276. Determine f(-5).
-19
Let a(u) = -3*u**2 - 9*u - 5. What is a(-3)?
-5
Let q(m) = m**2 + 11*m + 14. Calculate q(-10).
4
Let h(s) = s**3 + 6*s**2 + 5*s - 3. Calculate h(-6).
-33
Let i(v) = v - 36. Determine i(16).
-20
Let i(b) = -5*b + 13. Determine i(3).
-2
Let x(b) = b**3 + 13*b**2 - 6. Calculate x(-13).
-6
Let r(a) = -a**3 + 7*a**2 - 8*a - 7. Give r(3).
5
Let f(b) = 2*b**2 - 17*b + 29. Determine f(2).
3
Let w(f) = -f**2 - 25*f - 5. Give w(-9).
139
Let r(b) = -4*b + 26. Calculate r(8).
-6
Let v(d) = -3*d**2 - 22*d - 11. What is v(-5)?
24
Let b(z) = 7*z - 7. Calculate b(6).
35
Let a(o) = -4*o + 19. Determine a(6).
-5
Let t(m) = -m**3 + 2*m**2 + 6*m - 3. What is t(3)?
6
Let a(k) = k**3 + 9*k**2 - 14*k - 43. Calculate a(-10).
-3
Let w(q) = -q - 19. Determine w(-11).
-8
Let y(i) = -i**3 + 10*i**2 + i - 13. Calculate y(10).
-3
Let o(q) = -5*q - 32. Calculate o(-9).
13
Let b(f) = f**3 + 13*f**2 + 12*f - 10. What is b(-12)?
-10
Let p(s) = 22*s**2 - 3*s + 1. Give p(1).
20
Let i(k) = -136*k + 404. Calculate i(3).
-4
Let n(y) = 3*y**2 - 12*y + 13. Calculate n(1).
4
Let c(m) = -28*m + 20. What is c(2)?
-36
Let a(b) = -b**2 - b + 22. Calculate a(-5).
2
Let q(p) = -4*p + 101. Give q(23).
9
Let b(x) = -2*x + 2. What is b(-1)?
4
Let r(k) = -k**2 - 12*k - 16. Determine r(-11).
-5
Let l(k) = k**3 - 14*k**2 - 27*k + 174. Determine l(15).
-6
Let h(s) = 17*s**2 - s + 1. Calculate h(1).
17
Let j(h) = h**3 - 5*h**2 - 4*h - 9. What is j(5)?
-29
Let r(n) = 2*n**2 + 8*n - 2. Determine r(-4).
-2
Let i(k) = -k**2 - 33*k - 37. Calculate i(-31).
25
Let x(l) = 2*l**2 - 51*l + 37. Calculate x(25).
12
Let y(r) = -r**3 - r**2 - 2*r - 1. What is y(-1)?
1
Let t(u) = -u**2 + 3*u + 6. Give t(5).
-4
Let n(m) = 2*m**3 + 2*m**2 + 6*m + 8. Calculate n(-2).
-12
Let n(o) = -o**3 + 13*o**2 + 10*o + 19. What is n(14)?
-37
Let f(j) = -j**3 + 10*j**2 + 55*j + 19. What is f(14)?
5
Let u(n) = 2*n**3 - 2*n**2 + 2*n - 1. What is u(2)?
11
Let f(p) = -p**2 - 4*p - 10. Calculate f(-7).
-31
Let v(b) = -9*b - 7. Give v(-5).
38
Let g(u) = u**3 - 2*u**2 + 2*u + 25. Calculate g(0).
25
Let c(b) = 14*b + 29. Determine c(-2).
1
Let k(z) = z**3 + 15*z**2 - 14*z + 28. What is k(-16)?
-4
Let p(s) = -2*s - 11. What is p(-12)?
13
Let x(v) = v**3 - 6*v**2 - 2*v + 7. What is x(6)?
-5
Let d(z) = -11*z + 4. Calculate d(-7).
81
Let t(f) = 3*f**3 + 3*f**2. What is t(-2)?
-12
Let t(m) = -m**3 + 3*m**2 + 6*m - 6. What is t(4)?
2
Let m(d) = d**2 + 2*d - 13. Determine m(-3).
-10
Let b(a) = -10*a - 232. What is b(-21)?
-22
Let d(i) = -20*i**3 - i**2 - i + 1. What is d(1)?
-21
Let l(z) = z**3 + 12*z**2 + 13*z + 23. Give l(-11).
1
Let j(t) = 3*t**3 + 6*t**2 + 3*t - 2. What is j(-2)?
-8
Let p(n) = -n**3 - 13*n**2 - 12*n + 8. What is p(-12)?
8
Let c(q) = 3*q**2 - 8*q + 17. Calculate c(7).
108
Let y(o) = -o**2 + 13*o + 2. Give y(14).
-12
Let b(y) = -y**3 + 7*y**2 - 3*y - 6. Determine b(6).
12
Let m(k) = 2*k**2 + 34*k + 6. What is m(-14)?
-78
Let o(q) = 2*q - 19. Calculate o(14).
9
Let p(n) = n**3 - 13*n**2 - 12*n - 17. Give p(14).
11
Let g(h) = -4*h - 5. Determine g(6).
-29
Let g(o) = 7*o + 10. Give g(-4).
-18
Let a(n) = 17*n + 201. Calculate a(-11).
14
Let v(q) = q**3 - 7*q**2 + 11*q + 2. Calculate v(5).
7
Let h(n) = n - 8. Determine h(17).
9
Let d(f) = -5*f**2 - 8*f + 1. Give d(-2).
-3
Let f(k) = k**2 + 2*k - 19. Determine f(-5).
-4
Let v(u) = -2*u**3 - 5*u**2 + 2*u - 5. Calculate v(-4).
35
Let u(c) = 3*c**3 + 15*c**2 - 3*c + 3. Give u(-5).
18
Let o(j) = -26*j**3 - j. Calculate o(-1).
27
Let s(i) = -10*i**3 - 2*i**2 + i - 1. Give s(-2).
69
Let a(g) = -g**3 + 4*g - 1. Give a(-2).
-1
Let t(g) = g**3 - 8*g**2 + 10*g + 14. What is t(6)?
2
Let c(q) = -q**2 - 16*q - 33. Determine c(-12).
15
Let a(r) = -r**3 - 4*r**2 - 87*r - 247. What is a(-3)?
5
Let s(h) = 2*h**2 + 5*h. Give s(-4).
12
Let y(t) = -36*t**3 - t**2 - t + 1. Determine y(1).
-37
Let n(j) = 2*j**3 - 14*j**2 + j + 22. What is n(6)?
-44
Let m(r) = r**2 - 12*r + 5. Calculate m(8).
-27
Let s(c) = -c**2 + 7*c - 5. Calculate s(7).
-5
Let p(s) = s**2 + 16*s + 51. What is p(-13)?
12
Let n(f) = -f**3 - 16*f**2 - 27*f + 10. Give n(-14).
-4
Let h(m) = -m**3 - 4*m**2 + 7*m + 1. Determine h(-6).
31
Let g(m) = m + 5. What is g(7)?
12
Let q(c) = 3*c + 31. Determine q(-10).
1
Let r(d) = -d + 5. Calculate r(-10).
15
Let v(x) = -x**3 - 8*x**2 - 4*x + 15. Determine v(-7).
-6
Let c(b) = 2*b**2 + 12*b + 21. Calculate c(-6).
21
Let x(r) = r**3 - 15*r**2 + 13*r - 6. Give x(14).
-20
Let s(b) = 7*b - 1. Determine s(-8).
-57
Let y(v) = 5*v**3 - 3*v**2 - 2*v + 4. Give y(2).
28
Let o(v) = -v**3 + 12*v**2 + 31*v - 9. Give o(14).
33
Let r(o) = 3*o**3 + 4*o**2 - 1. Calculate r(-1).
0
Let w(i) = -i**3 - 3*i**2 + i - 1. Give w(-4).
11
Let b(t) = -t**3 + t**2 + 2*t - 7. Determine b(0).
-7
Let f(u) = 74*u**3 + 2*u + 1. Calculate f(-1).
-75
Let j(n) = -n**2 + 11*n - 6. Determine j(9).
12
Let x(n) = n**2 - 23*n + 54. Give x(20).
-6
Let q(t) = t**2 + 6*t + 9. Calculate q(-7).
16
Let x(m) = m + 22. Give x(-9).
13
Let g(j) = 15*j + 391. What is g(-25)?
16
Let b(i) = 11*i**3 - 4*i**2 - i + 3. Calculate b(-2).
-99
Let j(o) = 14*o - 11. Determine j(1).
3
Let l(z) = -z**2 + 35*z - 126. Calculate l(31).
-2
Let o(q) = -4*q - 8. Determine o(0).
-8
Let k(t) = 6*t**2 + 56*t - 17. Calculate k(-10).
23
Let p(a) = -16*a - 143. Calculate p(-9).
1
Let i(j) = 5*j**2 + 3*j + 3. Calculate i(-1).
5
Let r(q) = -q**2 - 15*q + 95. Determine r(5).
-5
Let r(w) = w**2 - 13*w - 458. Determine r(-16).
6
Let t(j) = 3*j**3 - 3*j**2 - 4*j + 11. Determine t(4).
139
Let v(s) = -5*s**2 - 27*s - 4. What is v(-5)?
6
Let j(y) = -y**3 + 11*y**2 + y + 9. Give j(11).
20
Let k(c) = -3*c - 56. Calculate k(-13).
-17
Let f(m) = m**3 - 8*m**2 - m + 2. Calculate f(6).
-76
Let i(g) = -2*g**2 - 3*g - 8. Give i(-2).
-10
Let b(v) = -131*v + 134. Determine b(1).
3
Let d(y) = -y**3 - 10*y**2 + 2*y + 5. Calculate d(-10).
-15
Let f(j) = -j**2 + 13*j - 13. What is f(10)?
17
Let n(m) = m**3 - 4*m**2 + 4*m - 9. Give n(5).
36
Let p(d) = -d**2 + 8*d + 9. What is p(9)?
0
Let p(h) = 23*h + 74. Give p(-3).
5
Let z(u) = -14*u**2 + u. Give z(1).
-13
Let x(g) = g**3 + g**2 - 2*g + 21. What is x(0)?
21
Let o(j) = -j**3 + 8*j**2 + 3*j - 6. Determine o(8).
18
Let d(a) = -a**3 - 7*a**2 + 8*a + 89. What is d(-6)?
5
Let y(h) = 3*h**2 + 4*h - 5. Give y(2).
15
Let n(o) = -o**3 - 5*o**2 - 4*o - 4. Give n(-3).
-10
Let j(d) = d**3 - 10*d**2 + 19*d - 31. Calculate j(8).
-7
Let z(w) = 19*w**2 + 1. Give z(1).
20
Let f(q) = q**2 - 6*q - 2. Calculate f(7).
5
Let l(n) = 9*